{"id":67,"date":"2019-11-09T15:02:53","date_gmt":"2019-11-09T15:02:53","guid":{"rendered":"http:\/\/87.106.34.54\/koehl1\/?page_id=67"},"modified":"2020-09-25T11:43:59","modified_gmt":"2020-09-25T11:43:59","slug":"uber-uns","status":"publish","type":"page","link":"https:\/\/www.koehl-logistik.de\/index.php\/uber-uns\/","title":{"rendered":"\u00dcber uns"},"content":{"rendered":"<p>Durch den Ursprung der Sch\u00e4ferei, die \u00fcber mehrere Generationen hinweg besteht, hat sich unser Aufgabengebiet wesentlich erweitert. Nach und nach sind wir in kommunale, sowie in Landwirtschaftliche Lohnarbeiten eingestiegen.<\/p>\n<p>Der Hauptsitz unseres Unternehmens liegt seit 1993 am Gra\u00dfahof bei Neumarkt i. d. Opf. Die erste Sattelzugmaschine haben wir f\u00fcr das landwirtschaftliche Lohnunternehmen als Allradfahrzeug haupts\u00e4chlich f\u00fcr Silagetransporte in Betrieb genommen.<\/p>\n<p>Durch die gestiegene Auftragslage in diesem Bereich z\u00f6gerten wir nicht und erweiterten kurzfristig unseren Fuhrpark und gr\u00fcndeten dadurch die K\u00f6hl Logistik GmbH. Spezialisiert auf Sch\u00fcttgut betreiben wir seitdem erfolgreich unser Transportunternehmen. Auch andere G\u00fcter, wie beispielsweise St\u00fcckgut oder Spezialtransporte, geh\u00f6ren zu unserem t\u00e4glichen Gesch\u00e4ft.<\/p>\n","protected":false},"excerpt":{"rendered":"<p>Durch den Ursprung der Sch\u00e4ferei, die \u00fcber mehrere Generationen hinweg besteht, hat sich unser Aufgabengebiet wesentlich erweitert. Nach und nach sind wir in kommunale, sowie in Landwirtschaftliche Lohnarbeiten eingestiegen. Der Hauptsitz unseres Unternehmens liegt seit 1993 am Gra\u00dfahof bei Neumarkt i. d. Opf. Die erste Sattelzugmaschine haben wir f\u00fcr das landwirtschaftliche Lohnunternehmen als Allradfahrzeug haupts\u00e4chlich [&hellip;]<\/p>\n","protected":false},"author":1,"featured_media":0,"parent":0,"menu_order":0,"comment_status":"closed","ping_status":"closed","template":"","meta":[],"_links":{"self":[{"href":"https:\/\/www.koehl-logistik.de\/index.php\/wp-json\/wp\/v2\/pages\/67"}],"collection":[{"href":"https:\/\/www.koehl-logistik.de\/index.php\/wp-json\/wp\/v2\/pages"}],"about":[{"href":"https:\/\/www.koehl-logistik.de\/index.php\/wp-json\/wp\/v2\/types\/page"}],"author":[{"embeddable":true,"href":"https:\/\/www.koehl-logistik.de\/index.php\/wp-json\/wp\/v2\/users\/1"}],"replies":[{"embeddable":true,"href":"https:\/\/www.koehl-logistik.de\/index.php\/wp-json\/wp\/v2\/comments?post=67"}],"version-history":[{"count":5,"href":"https:\/\/www.koehl-logistik.de\/index.php\/wp-json\/wp\/v2\/pages\/67\/revisions"}],"predecessor-version":[{"id":84,"href":"https:\/\/www.koehl-logistik.de\/index.php\/wp-json\/wp\/v2\/pages\/67\/revisions\/84"}],"wp:attachment":[{"href":"https:\/\/www.koehl-logistik.de\/index.php\/wp-json\/wp\/v2\/media?parent=67"}],"curies":[{"name":"wp","href":"https:\/\/api.w.org\/{rel}","templated":true}]}}